{"id":5,"date":"2022-08-16T18:14:10","date_gmt":"2022-08-16T17:14:10","guid":{"rendered":"https:\/\/cobot.digital\/?page_id=5"},"modified":"2022-08-16T19:32:33","modified_gmt":"2022-08-16T18:32:33","slug":"inicio","status":"publish","type":"page","link":"https:\/\/cobot.digital\/","title":{"rendered":"Inicio"},"content":{"rendered":"\n<p class=\"has-medium-font-size\">\u00a1Bienvenido a Cobot.Digital! Los cobot son robot colaborativos, est\u00e1n al lado de las personas, trabajando y colaborando junto a nosotros. Para ello los sensorizamos. Nunca podr\u00e1n hacerte da\u00f1o.<\/p>\n\n\n\n<figure class=\"wp-block-video\"><video height=\"1080\" style=\"aspect-ratio: 1920 \/ 1080;\" width=\"1920\" autoplay controls loop muted poster=\"https:\/\/cobot.digital\/wp-content\/uploads\/2022\/08\/videoTarjetaPresentacionBeCLOUD.png\" src=\"https:\/\/cobot.digital\/wp-content\/uploads\/2022\/08\/BeCLOUD-TarjetaPresentacion.mp4\" playsinline><\/video><\/figure>\n","protected":false},"excerpt":{"rendered":"<p>\u00a1Bienvenido a Cobot.Digital! Los cobot son robot colaborativos, est\u00e1n al lado de las personas, trabajando y colaborando junto a nosotros. Para ello los sensorizamos. Nunca podr\u00e1n hacerte da\u00f1o.<\/p>\n","protected":false},"author":1,"featured_media":46,"parent":0,"menu_order":0,"comment_status":"closed","ping_status":"closed","template":"","meta":{"footnotes":""},"class_list":["post-5","page","type-page","status-publish","has-post-thumbnail","hentry"],"_links":{"self":[{"href":"https:\/\/cobot.digital\/index.php?rest_route=\/wp\/v2\/pages\/5","targetHints":{"allow":["GET"]}}],"collection":[{"href":"https:\/\/cobot.digital\/index.php?rest_route=\/wp\/v2\/pages"}],"about":[{"href":"https:\/\/cobot.digital\/index.php?rest_route=\/wp\/v2\/types\/page"}],"author":[{"embeddable":true,"href":"https:\/\/cobot.digital\/index.php?rest_route=\/wp\/v2\/users\/1"}],"replies":[{"embeddable":true,"href":"https:\/\/cobot.digital\/index.php?rest_route=%2Fwp%2Fv2%2Fcomments&post=5"}],"version-history":[{"count":5,"href":"https:\/\/cobot.digital\/index.php?rest_route=\/wp\/v2\/pages\/5\/revisions"}],"predecessor-version":[{"id":49,"href":"https:\/\/cobot.digital\/index.php?rest_route=\/wp\/v2\/pages\/5\/revisions\/49"}],"wp:featuredmedia":[{"embeddable":true,"href":"https:\/\/cobot.digital\/index.php?rest_route=\/wp\/v2\/media\/46"}],"wp:attachment":[{"href":"https:\/\/cobot.digital\/index.php?rest_route=%2Fwp%2Fv2%2Fmedia&parent=5"}],"curies":[{"name":"wp","href":"https:\/\/api.w.org\/{rel}","templated":true}]}}